{"id":198,"date":"2025-10-24T08:49:09","date_gmt":"2025-10-24T08:49:09","guid":{"rendered":"https:\/\/pag.yt\/~afersa\/?page_id=198"},"modified":"2025-10-24T09:00:08","modified_gmt":"2025-10-24T09:00:08","slug":"afersa","status":"publish","type":"page","link":"http:\/\/afersa.net\/index.php\/afersa\/","title":{"rendered":"Afersa"},"content":{"rendered":"\n<figure class=\"wp-block-image size-large\"><img loading=\"lazy\" decoding=\"async\" width=\"1024\" height=\"683\" src=\"http:\/\/afersa.net\/wp-content\/uploads\/2025\/10\/IMG_9956_RE-copia-1024x683.jpg\" alt=\"\" class=\"wp-image-203\" srcset=\"http:\/\/afersa.net\/wp-content\/uploads\/2025\/10\/IMG_9956_RE-copia-1024x683.jpg 1024w, http:\/\/afersa.net\/wp-content\/uploads\/2025\/10\/IMG_9956_RE-copia-300x200.jpg 300w, http:\/\/afersa.net\/wp-content\/uploads\/2025\/10\/IMG_9956_RE-copia-768x512.jpg 768w, http:\/\/afersa.net\/wp-content\/uploads\/2025\/10\/IMG_9956_RE-copia-1536x1024.jpg 1536w, http:\/\/afersa.net\/wp-content\/uploads\/2025\/10\/IMG_9956_RE-copia-2048x1365.jpg 2048w\" sizes=\"auto, (max-width: 1024px) 100vw, 1024px\" \/><\/figure>\n\n\n\n<p class=\"has-medium-font-size\">En Afersa, fundada en 2013, nos especializamos en la fabricaci\u00f3n mediante procesos mec\u00e1nicos y soldadura. Nuestro equipo combina experiencia t\u00e9cnica, innovaci\u00f3n y un trato cercano para ofrecer soluciones a medida a cada cliente. Con m\u00e1s de 3 mil metros de instalaciones y un amplio equipo de profesionales.<\/p>\n\n\n\n<figure class=\"wp-block-image size-medium\"><img loading=\"lazy\" decoding=\"async\" width=\"300\" height=\"300\" src=\"http:\/\/afersa.net\/wp-content\/uploads\/2025\/10\/Captura-de-pantalla-2025-10-24-a-las-10.53.42-300x300.png\" alt=\"\" class=\"wp-image-207\" srcset=\"http:\/\/afersa.net\/wp-content\/uploads\/2025\/10\/Captura-de-pantalla-2025-10-24-a-las-10.53.42-300x300.png 300w, http:\/\/afersa.net\/wp-content\/uploads\/2025\/10\/Captura-de-pantalla-2025-10-24-a-las-10.53.42-150x150.png 150w, http:\/\/afersa.net\/wp-content\/uploads\/2025\/10\/Captura-de-pantalla-2025-10-24-a-las-10.53.42-768x768.png 768w, http:\/\/afersa.net\/wp-content\/uploads\/2025\/10\/Captura-de-pantalla-2025-10-24-a-las-10.53.42.png 940w\" sizes=\"auto, (max-width: 300px) 100vw, 300px\" \/><\/figure>\n\n\n\n<p class=\"has-medium-font-size\">Ubicada en Villena, Afersa disfruta de una localizaci\u00f3n estrat\u00e9gica, lo que le permite trabajar con empresas de Albacete, Murcia, Valencia y Alicante. El acceso a la autov\u00eda de Alicante, garantiza una excelente conectividad y facilita el transporte nacional e internacional.<\/p>\n\n\n\n<div class=\"wp-block-columns is-layout-flex wp-container-core-columns-is-layout-9d6595d7 wp-block-columns-is-layout-flex\">\n<div class=\"wp-block-column is-layout-flow wp-block-column-is-layout-flow\" style=\"flex-basis:100%\">\n<figure class=\"wp-block-image size-large\"><img loading=\"lazy\" decoding=\"async\" width=\"1024\" height=\"683\" src=\"http:\/\/afersa.net\/wp-content\/uploads\/2025\/10\/IMG_0011_RE-edited-1-1024x683.jpg\" alt=\"\" class=\"wp-image-209\" srcset=\"http:\/\/afersa.net\/wp-content\/uploads\/2025\/10\/IMG_0011_RE-edited-1-1024x683.jpg 1024w, http:\/\/afersa.net\/wp-content\/uploads\/2025\/10\/IMG_0011_RE-edited-1-300x200.jpg 300w, http:\/\/afersa.net\/wp-content\/uploads\/2025\/10\/IMG_0011_RE-edited-1-768x512.jpg 768w, http:\/\/afersa.net\/wp-content\/uploads\/2025\/10\/IMG_0011_RE-edited-1-1536x1024.jpg 1536w, http:\/\/afersa.net\/wp-content\/uploads\/2025\/10\/IMG_0011_RE-edited-1-2048x1365.jpg 2048w\" sizes=\"auto, (max-width: 1024px) 100vw, 1024px\" \/><\/figure>\n\n\n\n<div class=\"wp-block-columns is-layout-flex wp-container-core-columns-is-layout-9d6595d7 wp-block-columns-is-layout-flex\"><\/div>\n<\/div>\n<\/div>\n\n\n\n<p class=\"has-medium-font-size\"><\/p>\n\n\n\n<p><\/p>\n","protected":false},"excerpt":{"rendered":"<p>En Afersa, fundada en 2013, nos especializamos en la fabricaci\u00f3n mediante procesos mec\u00e1nicos y soldadura. Nuestro equipo combina experiencia t\u00e9cnica, innovaci\u00f3n y un trato cercano para ofrecer soluciones a medida a cada cliente. Con m\u00e1s de 3 mil metros de instalaciones y un amplio equipo de profesionales. Ubicada en Villena, Afersa disfruta de una localizaci\u00f3n [&hellip;]<\/p>\n","protected":false},"author":1,"featured_media":0,"parent":0,"menu_order":0,"comment_status":"closed","ping_status":"closed","template":"","meta":{"footnotes":""},"class_list":["post-198","page","type-page","status-publish","hentry"],"_links":{"self":[{"href":"http:\/\/afersa.net\/index.php\/wp-json\/wp\/v2\/pages\/198","targetHints":{"allow":["GET"]}}],"collection":[{"href":"http:\/\/afersa.net\/index.php\/wp-json\/wp\/v2\/pages"}],"about":[{"href":"http:\/\/afersa.net\/index.php\/wp-json\/wp\/v2\/types\/page"}],"author":[{"embeddable":true,"href":"http:\/\/afersa.net\/index.php\/wp-json\/wp\/v2\/users\/1"}],"replies":[{"embeddable":true,"href":"http:\/\/afersa.net\/index.php\/wp-json\/wp\/v2\/comments?post=198"}],"version-history":[{"count":6,"href":"http:\/\/afersa.net\/index.php\/wp-json\/wp\/v2\/pages\/198\/revisions"}],"predecessor-version":[{"id":215,"href":"http:\/\/afersa.net\/index.php\/wp-json\/wp\/v2\/pages\/198\/revisions\/215"}],"wp:attachment":[{"href":"http:\/\/afersa.net\/index.php\/wp-json\/wp\/v2\/media?parent=198"}],"curies":[{"name":"wp","href":"https:\/\/api.w.org\/{rel}","templated":true}]}}

<figure class="wp-block-image size-large"><img loading="lazy" decoding="async" width="1024" height="683" src="http://afersa.net/wp-content/uploads/2025/10/IMG_9956_RE-copia-1024x683.jpg" alt="" class="wp-image-203" srcset="http://afersa.net/wp-content/uploads/2025/10/IMG_9956_RE-copia-1024x683.jpg 1024w, http://afersa.net/wp-content/uploads/2025/10/IMG_9956_RE-copia-300x200.jpg 300w, http://afersa.net/wp-content/uploads/2025/10/IMG_9956_RE-copia-768x512.jpg 768w, http://afersa.net/wp-content/uploads/2025/10/IMG_9956_RE-copia-1536x1024.jpg 1536w, http://afersa.net/wp-content/uploads/2025/10/IMG_9956_RE-copia-2048x1365.jpg 2048w" sizes="auto, (max-width: 1024px) 100vw, 1024px" /></figure>



<p class="has-medium-font-size">En Afersa, fundada en 2013, nos especializamos en la fabricación mediante procesos mecánicos y soldadura. Nuestro equipo combina experiencia técnica, innovación y un trato cercano para ofrecer soluciones a medida a cada cliente. Con más de 3 mil metros de instalaciones y un amplio equipo de profesionales.</p>



<figure class="wp-block-image size-medium"><img loading="lazy" decoding="async" width="300" height="300" src="http://afersa.net/wp-content/uploads/2025/10/Captura-de-pantalla-2025-10-24-a-las-10.53.42-300x300.png" alt="" class="wp-image-207" srcset="http://afersa.net/wp-content/uploads/2025/10/Captura-de-pantalla-2025-10-24-a-las-10.53.42-300x300.png 300w, http://afersa.net/wp-content/uploads/2025/10/Captura-de-pantalla-2025-10-24-a-las-10.53.42-150x150.png 150w, http://afersa.net/wp-content/uploads/2025/10/Captura-de-pantalla-2025-10-24-a-las-10.53.42-768x768.png 768w, http://afersa.net/wp-content/uploads/2025/10/Captura-de-pantalla-2025-10-24-a-las-10.53.42.png 940w" sizes="auto, (max-width: 300px) 100vw, 300px" /></figure>



<p class="has-medium-font-size">Ubicada en Villena, Afersa disfruta de una localización estratégica, lo que le permite trabajar con empresas de Albacete, Murcia, Valencia y Alicante. El acceso a la autovía de Alicante, garantiza una excelente conectividad y facilita el transporte nacional e internacional.</p>



<div class="wp-block-columns is-layout-flex wp-container-core-columns-is-layout-9d6595d7 wp-block-columns-is-layout-flex">
<div class="wp-block-column is-layout-flow wp-block-column-is-layout-flow" style="flex-basis:100%">
<figure class="wp-block-image size-large"><img loading="lazy" decoding="async" width="1024" height="683" src="http://afersa.net/wp-content/uploads/2025/10/IMG_0011_RE-edited-1-1024x683.jpg" alt="" class="wp-image-209" srcset="http://afersa.net/wp-content/uploads/2025/10/IMG_0011_RE-edited-1-1024x683.jpg 1024w, http://afersa.net/wp-content/uploads/2025/10/IMG_0011_RE-edited-1-300x200.jpg 300w, http://afersa.net/wp-content/uploads/2025/10/IMG_0011_RE-edited-1-768x512.jpg 768w, http://afersa.net/wp-content/uploads/2025/10/IMG_0011_RE-edited-1-1536x1024.jpg 1536w, http://afersa.net/wp-content/uploads/2025/10/IMG_0011_RE-edited-1-2048x1365.jpg 2048w" sizes="auto, (max-width: 1024px) 100vw, 1024px" /></figure>



<div class="wp-block-columns is-layout-flex wp-container-core-columns-is-layout-9d6595d7 wp-block-columns-is-layout-flex"></div>
</div>
</div>



<p class="has-medium-font-size"></p>



<p></p>

<p>En Afersa, fundada en 2013, nos especializamos en la fabricación mediante procesos mecánicos y soldadura. Nuestro equipo combina experiencia técnica, innovación y un trato cercano para ofrecer soluciones a medida a cada cliente. Con más de 3 mil metros de instalaciones y un amplio equipo de profesionales. Ubicada en Villena, Afersa disfruta de una localización [&hellip;]</p>
